is divided by 22?
19
Suppose 0 = 235*h - 220*h - 5970. Calculate the remainder when 1195 is divided by h.
1
Calculate the remainder when 128/(-8) + (-39 - -734) is divided by 133.
14
Let q(f) = 1 - 16*f + 10*f**2 + 0*f**3 + f**3 + 3. Suppose -3*z = -2*r + 12, -z + 19 = 2*r - 9. Calculate the remainder when q(-11) is divided by r.
11
Suppose 2*u + 4*s + 72 = 434, 4*s = 24. Calculate the remainder when 236 is divided by u.
67
Calculate the remainder when 1652 is divided by (71/((-710)/(-48)))/((-4)/(-10)).
8
Let d(t) = -t**3 + 10*t**2 - 12*t + 70. What is the remainder when 4690 is divided by d(8)?
100
Suppose 5*j = 3*l - 53, -132 + 7 = -5*l + j. Let x = -434 + 443. Calculate the remainder when l is divided by x.
8
Calculate the remainder when (24 - (-1353)/(-55))/(6/(-940)) + 9 is divided by (-1)/3 + (-176)/(-6).
16
Let v = 15239 - 14965. What is the remainder when v is divided by 91?
1
Let q(z) = 3*z**2 + 116*z + 45. Let w be q(-37). Let y = w - -180. What is the remainder when 48 is divided by y?
8
Let x = 4706 - -2142. What is the remainder when x is divided by 2282?
2
Let m = -47 - -108. Suppose -198*i + 202*i = -4*n + 24, 3*n + 5*i - 12 = 0. Calculate the remainder when m is divided by n.
7
Suppose 66*y - 17427 + 8533 = 46480. What is the remainder when y is divided by 30?
29
What is the remainder when ((-148)/6)/(46/(-138)) is divided by 24?
2
Let z = -2471 + 2716. Calculate the remainder when z is divided by 116.
13
Suppose 0 = i - 1, -3*n + 19*i = 16*i - 4755. Suppose -25*a + 12*a = -n. Calculate the remainder when a is divided by 34.
20
Let d = -471 + 476. Suppose 1276 = d*a + 431. What is the remainder when a is divided by 89?
80
Suppose -n = 2*n + 72. Suppose -4*p + 11 - 3 = 0. What is the remainder when 29 is divided by -33*p*4/n?
7
Let z(x) = x**2 - 104*x - 6164. Let s = 28 + 22. Calculate the remainder when z(148) is divided by s.
48
Let r(z) = z**2 + 9*z + 20. Let l be r(-5). Suppose 0 = -14*n + 42 - l. Calculate the remainder when 22 is divided by n.
1
What is the remainder when 1046 is divided by (340/119)/(15/((-2205)/(-6)))?
66
Let l = 113 - 310. Let i = l + 243. Calculate the remainder when 228 is divided by i.
44
Let k(u) = u**3 - 6*u**2 + 21*u - 29. What is the remainder when 205 is divided by k(4)?
21
Suppose 0 = 5*u + 5*x - 20, 4*u - x - 17 = -4*x. Suppose 397 = 2*d + 3*o, -5*d + 961 = -u*o + 2*o. What is the remainder when d is divided by 14?
12
Let o be (-11)/(3 - -8)*-1*19. What is the remainder when -4 - 1 - (9 - o - 28) is divided by 15?
3
Suppose 0 = 4*w - 2*k + 3*k - 104, 5*w = -2*k + 127. Let p = w + 47. Let o = 39 + 1. What is the remainder when p is divided by o?
34
Let d(a) be the third derivative of a**6/120 - 13*a**5/60 + 35*a**4/24 + 3*a**3/2 + 16*a**2 - a. What is the remainder when d(10) is divided by 16?
11
Let l be 249 + (6 - (-2 - -4)). Let v = l - 245. What is the remainder when 59 is divided by v?
3
Let k(t) = -6*t + 3. Let o be k(-4). Suppose o*d - 21*d = 204. What is the remainder when 71 is divided by d?
3
Suppose -101*k + 157*k = 8512. What is the remainder when k is divided by 7?
5
Let d be 4 + (2/(-8))/((-1)/(-4)). Suppose -4*r = -d*w + 26, 4*w + 2 = -2*r - 0. Suppose w*u + 6 = 50. Calculate the remainder when u is divided by 14.
8
Suppose -4845 = -66*q - 65*q + 116*q. What is the remainder when q is divided by 89?
56
Suppose 2851*i = 2766*i + 3655. Calculate the remainder when 29324 is divided by i.
41
Suppose -7*z - 716 = -3*z. Let v = 345 + z. Calculate the remainder when v is divided by 35.
26
Let a(l) = 2*l**2 + 4*l. Suppose 3*j = -36*j - 22*j + 8296. Calculate the remainder when j is divided by a(-7).
66
Let h(g) = g**3 - 15*g**2 + 2*g - 33. Let p be h(15). What is the remainder when (p/6)/(7/(-518)) is divided by 19?
18
Suppose -162*j = -154*j - 13056. What is the remainder when j is divided by 23?
22
Let o = -2806 - -3094. What is the remainder when 2008 is divided by o?
280
Suppose -30 = 2*f - 22, -2*v = 2*f - 730. What is the remainder when v is divided by 42?
33
Suppose 1565*o + 8019 = 1646*o. Calculate the remainder when o is divided by (2/(-4))/((-2)/172).
13
Let x(v) = 22 - 23 - 7 - 14*v - 14. What is the remainder when 39 is divided by x(-2)?
3
Let r be -4*((-3305)/30 - (-4)/(-3)). Suppose 6*p = 610 + r. Let u = p + -142. What is the remainder when 90 is divided by u?
22
Suppose 56*w - 76*w = -17220. Calculate the remainder when w is divided by 2.
1
Let t(b) = -b**3 - 7*b**2 - 2*b + 5. Suppose -16 + 49 = -3*m. Let u be (-27)/3 - (m + 9). Calculate the remainder when 49 is divided by t(u).
11
Let p be 14/((-140)/30) - (-7 + -1). Suppose -5*y - 3*v + 255 = -6*v, 25 = -p*v. What is the remainder when 148 is divided by y?
4
Let g(s) = -s + 297. What is the remainder when g(-41) is divided by 158?
22
Suppose 18 + 2 = t - 2*o, 2*t - 40 = o. Calculate the remainder when 56 is divided by t.
16
Suppose 3*y - 4*n = 4927, -2*n = -19*y + 20*y - 1659. What is the remainder when y is divided by 50?
49
Calculate the remainder when 12/(5751/1143 + -5) is divided by 69.
36
Suppose -2*c - 2*z + 546 = 0, 0 = -c + 8*z - 14*z + 243. What is the remainder when 849 is divided by c?
12
Suppose 0 = 4*y - p - 5315, y + 3953 = 4*y + 4*p. What is the remainder when 2657 is divided by y?
3
Let l(u) = u + 28. Let x = 30 - 22. Let r = -23 + x. What is the remainder when 140 is divided by l(r)?
10
Let s(a) = -a**3 + 13*a**2 - 11*a - 6. Let p be s(12). Suppose -x + 2 = -p. Let v(k) = 24*k - 60. What is the remainder when v(3) is divided by x?
4
Let d be (-129)/(-2)*-202*(-4)/12. Suppose -27*k + d = 536. What is the remainder when k is divided by 71?
70
Calculate the remainder when 452 is divided by 175/(-50) + (1 - (-225)/6).
32
Let i(o) = -o**3 - o**2 - o + 45. Suppose -3*d - 4*z = d - 20, -5*z = d - 25. What is the remainder when i(d) is divided by 4?
1
Let s = -35 - -51. Let j(b) = 1 - 21*b**2 + 22*b**3 - 23*b**3 - 1 + 37*b**2 + 7. What is the remainder when 17 is divided by j(s)?
3
Suppose 252*n - 27090 = 210*n. Calculate the remainder when n is divided by 44.
29
Suppose 2*b + 148 = 2*t, -3*t + 6*b = b - 224. Let j = 151 - t. What is the remainder when j is divided by 37?
4
Suppose -3*k - 1090 = 371. Let h = -214 - k. What is the remainder when h is divided by 46?
43
Suppose -3*i = -10*i + 336. Let k = 45 - i. What is the remainder when 65 is divided by 3 + (-5 - k) + 33?
31
Let v(o) = -63*o - 1613. What is the remainder when v(-27) is divided by 41?
6
Let w(f) = -33 - 28 + 5*f - 32 + 94. Calculate the remainder when 43 is divided by w(2).
10
What is the remainder when -50*(178*(-5)/50 + 11) is divided by 163?
14
Suppose t + 3*g = 11, 0*g - 22 = -2*t + g. Suppose 0 = -15*l + t*l. Suppose 4*a + 5 - 21 = l. What is the remainder when a is divided by 2?
0
Suppose 0 = 9*y - 55 - 647. Let d = y + -52. What is the remainder when d is divided by 14?
12
Let b(m) = 19*m**2 + 20*m - 26. Calculate the remainder when 3703 is divided by b(1).
11
Suppose -210*a + 446*a - 225*a - 3938 = 0. What is the remainder when a is divided by 120?
118
Suppose 3*z = 93*k - 91*k + 474, 0 = 5*z - 2*k - 798. What is the remainder when 585 is divided by z?
99
Let a be (568/(-355))/((-149)/(-150) + -1). Suppose 7*x + a = 15*x. Suppose -p + 12 + 105 = 0. Calculate the remainder when p is divided by x.
27
Suppose -5*b = -3*r - 2815, 3*b - 4*r - 1689 = -0*b. Suppose -67 = 8*t - b. Calculate the remainder when t is divided by 17.
11
Suppose 85*m + 12677 - 119437 = 0. What is the remainder when m is divided by 54?
14
Calculate the remainder when ((-230835)/495)/((-3)/9) is divided by 88.
79
Let a be (-20)/8*4/(-2). Let b = -127 - -129. Suppose -161 = -a*g - b*f + 24, 3*g + 5*f - 130 = 0. Calculate the remainder when g is divided by 6.
5
Calculate the remainder when ((-53)/(-106))/((-2)/6)*-178 is divided by (-8 - (2 - 7)) + (-70)/(-1).
66
Let k(u) = 12*u - 92. Let z(o) = 23*o**2 - 7*o - 6. Calculate the remainder when z(-2) is divided by k(9).
4
Let h = 307 - 255. Suppose i - 2*i + h = -5*t, 3*i - 120 = -3*t. Calculate the remainder when 166 is divided by i.
40
Let b be (-4 - 0)*(0 - 2). Suppose -363 = -b*z + 157. What is the remainder when z is divided by 6?
5
Suppose 4*z = 99 - 11. What is the remainder when 541 is divided by z?
13
Suppo